r when 201 is divided by 7?
5
What is the remainder when 7288 is divided by 45?
43
Calculate the remainder when 806 is divided by 214.
164
Calculate the remainder when 41132 is divided by 19.
16
What is the remainder when 108 is divided by 44?
20
What is the remainder when 263 is divided by 48?
23
What is the remainder when 2393 is divided by 575?
93
What is the remainder when 171 is divided by 100?
71
Calculate the remainder when 455 is divided by 52.
39
Calculate the remainder when 4500 is divided by 1500.
0
Calculate the remainder when 184 is divided by 32.
24
What is the remainder when 2565 is divided by 107?
104
Calculate the remainder when 27 is divided by 21.
6
Calculate the remainder when 88 is divided by 24.
16
What is the remainder when 346 is divided by 72?
58
What is the remainder when 313 is divided by 25?
13
What is the remainder when 663 is divided by 95?
93
What is the remainder when 719 is divided by 82?
63
What is the remainder when 614 is divided by 41?
40
What is the remainder when 1385 is divided by 126?
125
What is the remainder when 701 is divided by 37?
35
What is the remainder when 26 is divided by 5?
1
What is the remainder when 10563 is divided by 76?
75
What is the remainder when 4313 is divided by 2156?
1
What is the remainder when 29 is divided by 11?
7
What is the remainder when 249 is divided by 63?
60
What is the remainder when 89 is divided by 7?
5
Calculate the remainder when 5540 is divided by 17.
15
What is the remainder when 147 is divided by 51?
45
What is the remainder when 142 is divided by 37?
31
What is the remainder when 1532 is divided by 59?
57
What is the remainder when 2386 is divided by 31?
30
What is the remainder when 1408 is divided by 278?
18
Calculate the remainder when 21158 is divided by 61.
52
Calculate the remainder when 142 is divided by 18.
16
Calculate the remainder when 117 is divided by 20.
17
What is the remainder when 261 is divided by 137?
124
What is the remainder when 336 is divided by 54?
12
What is the remainder when 225 is divided by 34?
21
Calculate the remainder when 28 is divided by 28.
0
What is the remainder when 1470 is divided by 46?
44
What is the remainder when 9477 is divided by 12?
9
What is the remainder when 2210 is divided by 244?
14
Calculate the remainder when 149 is divided by 51.
47
What is the remainder when 766 is divided by 28?
10
What is the remainder when 3528 is divided by 33?
30
What is the remainder when 173 is divided by 84?
5
Calculate the remainder when 632 is divided by 316.
0
Calculate the remainder when 9323 is divided by 8.
3
Calculate the remainder when 157 is divided by 18.
13
Calculate the remainder when 248 is divided by 85.
78
What is the remainder when 146 is divided by 20?
6
Calculate the remainder when 1986 is divided by 58.
14
Calculate the remainder when 717 is divided by 30.
27
What is the remainder when 29 is divided by 20?
9
Calculate the remainder when 2013 is divided by 3.
0
Calculate the remainder when 244 is divided by 51.
40
What is the remainder when 2685 is divided by 64?
61
Calculate the remainder when 8677 is divided by 2892.
1
What is the remainder when 640 is divided by 54?
46
Calculate the remainder when 687 is divided by 38.
3
What is the remainder when 119 is divided by 10?
9
Calculate the remainder when 111 is divided by 52.
7
What is the remainder when 102 is divided by 26?
24
What is the remainder when 276 is divided by 28?
24
What is the remainder when 81 is divided by 56?
25
What is the remainder when 635 is divided by 48?
11
What is the remainder when 1724 is divided by 48?
44
Calculate the remainder when 296 is divided by 60.
56
What is the remainder when 209 is divided by 70?
69
Calculate the remainder when 682 is divided by 17.
2
Calculate the remainder when 106 is divided by 87.
19
Calculate the remainder when 607 is divided by 102.
97
Calculate the remainder when 2214 is divided by 1105.
4
Calculate the remainder when 401 is divided by 9.
5
Calculate the remainder when 1754 is divided by 32.
26
Calculate the remainder when 8177 is divided by 33.
26
What is the remainder when 778 is divided by 13?
11
Calculate the remainder when 1661 is divided by 44.
33
What is the remainder when 463 is divided by 65?
8
What is the remainder when 1061 is divided by 42?
11
What is the remainder when 422 is divided by 71?
67
Calculate the remainder when 250 is divided by 23.
20
Calculate the remainder when 621 is divided by 124.
1
Calculate the remainder when 206 is divided by 42.
38
Calculate the remainder when 3231 is divided by 7.
4
Calculate the remainder when 464 is divided by 32.
16
What is the remainder when 24 is divided by 20?
4
What is the remainder when 2092 is divided by 55?
2
What is the remainder when 3084 is divided by 36?
24
Calculate the remainder when 278 is divided by 44.
14
What is the remainder when 11 is divided by 10?
1
What is the remainder when 3485 is divided by 386?
11
What is the remainder when 467 is divided by 34?
25
What is the remainder when 638 is divided by 80?
78
Calculate the remainder when 199 is divided by 185.
14
What is the remainder when 354 is divided by 119?
116
Calculate the remainder when 79 is divided by 15.
4
What is the remainder when 72 is divided by 22?
6
Calculate the remainder when 319 is divided by 8.
7
Calculate the remainder when 2822 is divided by 199.
36
Calculate the remainder when 2504 is divided by 48.
8
What is the remainder when 204 is divided by 24?
12
What is the remainder when 24056 is divided by 20?
16
Calculate the remainder when 126 is divided by 18.
0
Calculate the remainder when 160 is divided by 14.
6
What is the remainder when 119 is divided by 85?
34
What is the remainder when 624 is divided by 76?
16
Calculate the remainder when 5205 is divided by 168.
165
What is the remainder when 2293 is divided by 290?
263
What is the remainder when 166 is divided by 58?
50
What is the remainder when 187 is divided by 78?
31
Calculate the remainder when 9132 is divided by 203.
200
What is the remainder when 233 is divided by 36?
17
What is the remainder when 4897 is divided by 100?
97
Calculate the remainder when 93 is divided by 16.
13
Calculate the remainder when 541 is divided by 168.
37
Calculate the remainder when 27 is divided by 14.
13
Calculate the remainder when 313 is divided by 146.
21
Calculate the remainder when 729 is divided by 162.
81
What is the remainder when 36 is divided by 19?
17
What is the remainder when 64 is divided by 28?
8
Calculate the remainder when 269 is divided by 30.
29
What is the remainder when 441 is divided by 224?
217
What is the remainder when 175 is divided by 59?
57
Calculate the remainder when 174 is divided by 10.
4
What is the remainder when 114 is divided by 42?
30
What is the remainder when 3201 is divided by 1593?
15
What is the remainder when 1051 is divided by 13?
11
Calculate the remainder when 103 is divided by 22.
15
What is the remainder when 457 is divided by 23?
20
What is the remainder when 82 is divided by 21?
19
Calculate the remainder when 263 is divided by 54.
47
Calculate the remainder when 25534 is divided by 168.
166
What is the remainder when 1878 is divided by 22?
8
Calculate the remainder when 418 is divided by 15.
13
What is the remainder when 26 is divided by 14?
12
What is the remainder when 393 is divided by 21?
15
What is the remainder when 136 is divided by 8?
0
What is the remainder when 137 is divided by 80?
57
What is the remainder when 407 is divided by 24?
23
What is the remainder when 410 is divided by 30?
20
Calculate the remainder when 532 is divided by 176.
4
Calculate the remainder when 124 is divided by 55.
14
What is the remainder when 4223 is divided by 44?
43
What is the remainder when 733 is divided by 38?
11
What is the remainder when 119 is divided by 16?
7
Calculate the remainder when 91 is divided by 3.
1
What is the remainder when 327 is divided by 84?
75
What is the remainder when 2259 is divided by 87?
84
What is the remainder when 163 is divided by 33?
31
What is the remainder when 12129 is divided by 5?
4
What is the remainder when 163 is divided by 11?
9
Calculate the remainder when 233 is divided by 26.
25
What is the remainder when 350 is divided by 89?
83
Calc